030130?
10
Calculate the highest common factor of 7000 and 13300.
700
What is the highest common divisor of 1977 and 10264584?
1977
Calculate the highest common factor of 626250 and 75.
75
What is the greatest common factor of 111660 and 150?
30
What is the highest common factor of 73 and 1032877?
73
Calculate the greatest common divisor of 167295 and 285.
285
Calculate the highest common divisor of 1294 and 18.
2
What is the greatest common factor of 550 and 21575?
25
What is the highest common divisor of 5612 and 2944?
92
What is the highest common divisor of 7913 and 492?
41
What is the greatest common divisor of 87 and 1361289?
87
What is the highest common divisor of 3382 and 494?
38
What is the greatest common factor of 78 and 301418?
26
What is the highest common divisor of 532 and 79268?
532
Calculate the greatest common divisor of 32763 and 489.
489
What is the greatest common divisor of 47 and 32242?
47
What is the greatest common divisor of 175 and 123445?
35
What is the greatest common factor of 374 and 184178?
34
What is the highest common factor of 6980 and 64?
4
What is the greatest common factor of 16695 and 3885?
105
Calculate the greatest common factor of 171326 and 102.
34
Calculate the greatest common factor of 65 and 23660.
65
What is the highest common factor of 1400 and 8720?
40
Calculate the highest common factor of 4350715 and 123.
41
What is the highest common factor of 462 and 18786?
6
Calculate the greatest common factor of 58 and 1492.
2
Calculate the greatest common factor of 66929 and 68.
17
Calculate the highest common factor of 221040 and 672.
48
Calculate the greatest common divisor of 6 and 554930.
2
Calculate the highest common divisor of 5390 and 601230.
490
What is the greatest common factor of 1284184 and 176?
88
What is the greatest common factor of 35927 and 74?
37
What is the greatest common divisor of 5 and 10820?
5
What is the greatest common divisor of 986492 and 311?
311
What is the highest common divisor of 500 and 248180?
20
Calculate the highest common divisor of 387004 and 186.
62
Calculate the highest common divisor of 3051 and 3105.
27
What is the greatest common divisor of 3059 and 34109?
23
What is the greatest common factor of 3883975 and 645?
215
What is the highest common factor of 672 and 10976?
224
What is the highest common factor of 1197 and 31749?
57
What is the highest common factor of 105429 and 7?
1
What is the greatest common divisor of 210196 and 84?
28
What is the greatest common factor of 54 and 46350?
18
What is the greatest common divisor of 24026 and 8569?
41
What is the highest common factor of 6843 and 33?
3
Calculate the highest common factor of 333312 and 3534.
186
Calculate the highest common factor of 57 and 406581.
57
Calculate the greatest common divisor of 170 and 95330.
10
Calculate the greatest common factor of 509457 and 39.
39
Calculate the greatest common divisor of 9877731 and 867.
867
What is the highest common divisor of 66017 and 14?
7
Calculate the greatest common factor of 1830985 and 4420.
1105
Calculate the highest common factor of 259089 and 1809.
201
What is the highest common factor of 390816 and 36?
36
What is the greatest common divisor of 118 and 500615?
59
What is the greatest common divisor of 8528 and 806?
26
What is the greatest common divisor of 251 and 526?
1
Calculate the greatest common divisor of 18 and 1938.
6
Calculate the highest common factor of 4704 and 123.
3
What is the greatest common factor of 17 and 3787141?
17
Calculate the highest common divisor of 559 and 2034201.
559
What is the greatest common divisor of 41 and 287?
41
What is the greatest common divisor of 8004 and 2?
2
Calculate the highest common factor of 8820 and 11655.
315
What is the highest common divisor of 57648 and 144?
48
Calculate the greatest common divisor of 20188 and 10388.
196
What is the highest common divisor of 260 and 1672528?
52
Calculate the highest common factor of 1464 and 4884.
12
What is the greatest common factor of 804 and 6298?
134
What is the highest common factor of 24383 and 370?
37
What is the highest common factor of 1172 and 749494?
586
Calculate the highest common divisor of 39621 and 354903.
843
Calculate the highest common factor of 512 and 1448.
8
Calculate the highest common divisor of 140 and 9344230.
70
What is the highest common factor of 832 and 767?
13
Calculate the greatest common factor of 618895 and 1025.
205
Calculate the highest common factor of 832 and 153504.
416
What is the greatest common divisor of 60249 and 119?
7
Calculate the highest common divisor of 93181 and 17336.
2167
What is the greatest common factor of 55910 and 70?
10
Calculate the highest common divisor of 443770 and 2985.
995
Calculate the highest common factor of 36 and 89772.
12
Calculate the greatest common divisor of 55 and 71456.
11
What is the highest common divisor of 27780 and 7680?
60
What is the highest common divisor of 35092 and 9300?
124
What is the greatest common divisor of 273 and 154596?
39
Calculate the greatest common factor of 16 and 108424.
8
What is the highest common factor of 7620 and 885?
15
What is the highest common divisor of 564 and 22908?
12
What is the highest common divisor of 10290 and 188454?
294
What is the highest common divisor of 49140 and 2079?
189
Calculate the highest common factor of 105 and 970305.
105
What is the highest common divisor of 153 and 123403?
17
What is the greatest common factor of 658 and 70?
14
What is the highest common factor of 28331 and 328?
41
What is the greatest common factor of 744 and 8?
8
Calculate the highest common factor of 1106 and 3424729.
553
Calculate the highest common factor of 5796 and 143244.
828
What is the highest common divisor of 24512 and 4032?
64
What is the greatest common factor of 773555 and 393?
131
What is the greatest common divisor of 1624 and 984608?
232
What is the greatest common factor of 3505 and 5?
5
Calculate the highest common divisor of 50 and 31325.
25
What is the highest common factor of 21192 and 312?
24
Calculate the greatest common divisor of 1935 and 945.
45
Calculate the highest common divisor of 38 and 84683.
19
What is the highest common divisor of 88 and 155012?
44
Calculate the greatest common factor of 672 and 1055796.
84
Calculate the greatest common factor of 2176 and 3944.
136
What is the greatest common divisor of 100899 and 1332?
333
What is the greatest common divisor of 2000 and 2750?
250
What is the greatest common divisor of 150 and 118410?
30
Calculate the highest common divisor of 276055 and 30.
5
What is the highest common divisor of 79929 and 642?
321
What is the greatest common factor of 59 and 8791?
59
Calculate the greatest common divisor of 187 and 30651.
17
What is the highest common divisor of 39 and 442819?
13
Calculate the greatest common divisor of 13950 and 992.
62
What is the greatest common divisor of 197851 and 67?
67
Calculate the highest common factor of 90245 and 5.
5
What is the highest common divisor of 86 and 944882?
86
What is the greatest common factor of 35 and 2306465?
35
What is the greatest common factor of 1600 and 363600?
400
Calculate the greatest common factor of 9 and 186570.
9
What is the highest common divisor of 506 and 30682?
46
Calculate the greatest common divisor of 15264 and 324.
36
What is the highest common divisor of 456 and 435384?
24
Calculate the highest common divisor of 245520 and 495.
495
What is the greatest common factor of 814169 and 11096?
1387
What is the greatest common divisor of 1564 and 34799?
391
Calculate the highest common factor of 588 and 732.
12
What is the greatest common divisor of 473915 and 920?
115
Calculate the greatest common factor of 5575 and 801685.
1115
Calculate the greatest common factor of 1 and 1054.
1
What is the highest common factor of 153090 and 2520?
630
Calculate the highest common factor of 84525 and 21390.
345
What is the greatest common factor of 33 and 6215?
11
Calculate the highest common divisor of 426 and 76680.
426
Calculate the highest common divisor of 64 and 328.
8
What is the highest common factor of 637326 and 18?
18
Calculate the highest common factor of 4373 and 13.
1
Calculate the highest common divisor of 1332 and 506826.
66